t c(a) = -a**3 + 9*a**2 - a + 8. Let n be c(9). Give u(n).
9
Let r(m) = 8*m**3 - m**2. Let v(t) = t**3 - t**2 - t + 4. Let d be 0/(3*-1 + 1). Let p be v(d). Let s be 2/p*6 + -2. What is r(s)?
7
Let z(w) = 0*w**2 - w**3 + 2*w**2 - 2*w + 2*w + 1 + 5*w. What is z(4)?
-11
Let r(v) = -4*v**2 - 7*v + 12. Let b(u) = 5*u**2 + 7*u - 13. Suppose 0 = 3*y + 8 + 7. Let d(s) = y*b(s) - 6*r(s). Determine d(5).
3
Suppose p - m - 2 = 0, -2*p + 3 = -4*m + 1. Suppose 0 = 5*s + p + 7. Let o(j) = 3*j + 3. Determine o(s).
-3
Let i(m) = 19*m + 2. Let n(d) = -10*d - 1. Let p(a) = 4*i(a) + 7*n(a). What is p(-1)?
-5
Let w(t) = t**3 - 7*t**2 - 9*t + 11. Let c be w(8). Let s(h) = 6 + 2*h**2 + h**c - h**2 + 3*h**2 - 2*h. Give s(-5).
-9
Let p(b) = -4*b + 16 - 36 + 23. Determine p(4).
-13
Let w = -3 + 1. Let d(p) be the first derivative of p**5/120 + p**4/24 - 13*p**3/3 + 12. Let x(m) be the third derivative of d(m). Calculate x(w).
-1
Suppose -9 = -4*n + 3*z, -5*z - 20 + 5 = 0. Let c(h) = h**3 - h**2 + h - 5. Calculate c(n).
-5
Let f(j) = j**2 + 6*j + 5. Let m(v) = v**3 - 7*v**2 + 9*v - 6. Let g be m(6). Suppose g = -5*y + i, -5 - 7 = 4*i. Let l = y - 1. Give f(l).
-3
Let f be 24/14 + (-2)/(-7). Let t(s) = 5*s**3 + 9*s**2 - 6*s - 2. Let x(d) = -2*d**3 - 3*d**2 + 2*d + 1. Let k(l) = -4*t(l) - 11*x(l). Determine k(f).
5
Let q(y) be the second derivative of -5*y**4/12 + y**3/6 - y**2/2 - 6*y. Calculate q(1).
-5
Let w(a) = -4*a**2 - a + 1. Let v(u) = 5*u**2 + 2*u - 1. Let x = -3 - 2. Let i(o) = x*v(o) - 6*w(o). Determine i(-5).
-6
Let p(a) = a**3 - 65*a**2 + 21*a**2 + 36*a**2 + 9*a. Calculate p(6).
-18
Let a be 1/3 - 11/(-3). Suppose a*i - 4 = 0, 0 = -4*h + i - 2*i + 21. Let m(u) = 1 + 2*u - h - 3*u - 1. Give m(0).
-5
Suppose m - 3*m = 8. Let a(p) = p**3 + 3*p**3 + 2 - 5*p + 2*p**2 - 3*p**3. Give a(m).
-10
Let c be 6 + -6 + 0 - 1. Let x(n) = n. Calculate x(c).
-1
Let h(r) = r**2 + 5*r - 6. Suppose 18 = -2*v - 2*b - b, 0 = -2*v + 4*b - 4. Give h(v).
0
Let m(j) = -3*j + 3. Suppose 0 = 28*h - 24*h - 12. Give m(h).
-6
Let f(k) = -5*k + 1 + 2*k + 0*k. Suppose 4*q - t + 0*t = 19, 20 = 2*q - 4*t. Let g = -2 + q. What is f(g)?
-5
Let l be (-21)/14*1*-6. Let i(f) = -9 - 3*f + 2 + l. Suppose 5*g = 5*b - 10, 5*b + 0 = g + 2. Determine i(g).
8
Let j(m) be the second derivative of m**7/2520 + m**6/180 + m**5/60 + m**4/4 - 4*m. Let s(z) be the third derivative of j(z). Let c = 3 - 8. Calculate s(c).
7
Let a(d) be the second derivative of 2*d**3/3 - 21*d. What is a(-3)?
-12
Let p = -3 + 5. Suppose -3*c + 9*h = 4*h + 21, 4*h = -5*c + p. Let k(m) be the third derivative of m**4/12 + m**2. Calculate k(c).
-4
Suppose 4*r - 3 = 4*x + 3*r, 4*x + 4*r - 12 = 0. Let t(o) = -o**3 - o**2 + o. Let h be t(x). Suppose -y - 3 = -h*y. Let g(m) = -m**2 - m + 3. Determine g(y).
-3
Let v = -17 - -24. Let l(u) = u**2 - 6*u - 5. What is l(v)?
2
Let s(a) = a - 3*a + 3*a - 6. Let j(u) = -u**2 + 12*u. Let m be j(12). Suppose m = 3*f - 5*f. Calculate s(f).
-6
Let x(j) be the third derivative of j**4/12 - 3*j**3/2 - 6*j**2. Determine x(6).
3
Suppose 5*k - 5*q = -0 + 15, -23 = 4*k + 3*q. Let t be (-2)/(k + 1) + 1. Let i be t*((-24)/9)/4. Let a(d) = 2*d + 2. Give a(i).
-2
Let f(k) = -k**3 - 4*k**2 + k. Let n(v) = -v**3 + 8*v**2 + 10*v - 12. Let i be n(9). Let t be i + 4 - (0 - -5). Calculate f(t).
-4
Let a(p) = -4*p**2 - 2*p + 1. Suppose 6*i - 8*i + 2 = 0. Calculate a(i).
-5
Let a(q) = q**2 + q - 15. Let j = -85 + 85. Give a(j).
-15
Let z(d) = -d**2 - 2*d - 5. Let u(t) = -t**3 + 3*t**2 + 7*t + 21. Let o(x) = -2*u(x) - 9*z(x). Let m = -2 + 27. Let b be (10/m)/((-2)/10). What is o(b)?
-9
Let m(r) = r**3 - 3*r**2 - 4*r - 3. Let o(l) = -l**2 - 5*l - 6. Let i be o(-4). Calculate m(i).
-15
Let r(o) = -5*o**3 + 1. Let q(k) be the first derivative of -5*k**4 + k**3/3 + 4*k + 2. Let p(x) = -2*q(x) + 9*r(x). Give p(-1).
4
Let s(z) = 3*z**2 + 4*z + 3. Let n = -1 + 1. Suppose q + q = n. Let o be q/2 - 2/1. What is s(o)?
7
Let r(j) = -5*j + 2. Let b = 1 - -1. Calculate r(b).
-8
Let l(y) = -y**3 - 7*y**2 - 5*y - 4. Let n(v) = 0*v + 2*v - 3*v - 2. Let b be n(4). What is l(b)?
-10
Let k(v) = 3*v - 8. Let o(i) = -3*i + 8. Let r(w) = 6*k(w) + 5*o(w). Give r(6).
10
Let o(i) = i**2 + 6*i - 11. Let g(u) = -u**3 + 6*u**2 - 5*u - 4. Let x be g(4). Suppose x = -5*l + 4*l. What is o(l)?
5
Let a(i) = -3*i**2 + 2*i**2 + 8*i + 7 - 9*i. Give a(0).
7
Let h(s) = s**2 + s + 1. Let f(l) = 3*l**2 + 2*l + 2. Let i(r) = 4*f(r) - 11*h(r). Determine i(5).
7
Let x(u) = -7*u - 50. Let c(d) = -d - 10. Let a(n) = -11*c(n) + 2*x(n). What is a(7)?
-11
Let j be (-24)/(-4)*(-2)/(-6). Let t = j - -2. Let i(q) = q**2 - 4*q - 2. Determine i(t).
-2
Let d(p) = -p**2 - 5*p + 1. Let o be d(-6). Let r be (16/12)/((-2)/(-6)). Let q(c) = -2*c + 4*c + r + 1. Determine q(o).
-5
Let c(i) = -3*i**2 - i - 7. Let v be -5 + -4 + 6 + 2. Let z(a) = 1 - 2 + 2*a**2 - 3*a**2. Let w(j) = v*c(j) + 5*z(j). Calculate w(2).
-4
Let q(h) be the third derivative of h**4/24 + 2*h**3/3 - 2*h**2 + 2. Give q(7).
11
Let h(i) = -i**3 - 2*i**2 + i + 5. Let w(s) = -s**3 - s**2 + s + 6. Let j(d) = 3*h(d) - 2*w(d). Let p be 1*(-3)/((-6)/(-8)). Determine j(p).
-1
Suppose 2*b + 63 = -37. Let p be 1/(-6) - b/12. Suppose -p*s = -3*s - 4. Let q(n) = n**3 - 5*n**2 + 3*n + 5. Give q(s).
1
Let j(n) = 2*n + 1 + 2 + n**3 - 4 - 5*n**2. Let o be (-2)/(-5) + 36/10. Let m(q) = -q**3 + 4*q**2 + q + 1. Let v be m(o). Give j(v).
9
Let o = -8 - -10. Let l(a) = a - a**2 + 0*a**o - 3*a + 5*a. Give l(2).
2
Let r(t) = t**3 + 6*t**2 + 2*t - 5. Let d(x) = 12*x - 53. Let i be d(4). Calculate r(i).
10
Suppose 2*u = -4*q - 18, -3*q - 16 = -u - 0*u. Let m(g) = g**3 + 5*g**2 - 3*g - 7. What is m(q)?
8
Suppose -18 - 14 = 4*g. Let n(h) be the third derivative of -h**6/120 - 7*h**5/60 + h**4/3 - h**3/6 + 29*h**2. What is n(g)?
-1
Let v = -63 + 36. Let d be (-1)/(-2) - v/(-6). Let c(o) = -o**2 - 2*o + 4. Determine c(d).
-4
Let q(h) be the first derivative of -h**4/4 + 4*h**3/3 - h**2/2 + 2*h - 5. Calculate q(3).
8
Let s(i) = -6*i**3 - 2*i**2 + 1. Let t(b) = b**3 - b**2 - b. Let h(x) = s(x) + 5*t(x). What is h(-6)?
-5
Let r(z) be the first derivative of -z**3/3 - 7*z**2/2 + 2*z - 14. Calculate r(-4).
14
Let a(y) be the first derivative of -y**6/180 + 7*y**5/120 - 5*y**4/24 + 4*y**3/3 - 6. Let n(f) be the third derivative of a(f). Calculate n(4).
-9
Let k(m) = 185*m - 192*m + 5 - 3*m**2 + 4*m**2. Let u(n) = n + 4. Let b be u(0). What is k(b)?
-7
Let b be (8/(-4))/(-4)*6. Suppose k = 3*c + 9, -b*k - c = 2*k + 19. Let x(l) = -l + 2. What is x(k)?
5
Let b(f) be the third derivative of -f**5/60 + f**4/8 + 2*f**3/3 - 10*f**2. Calculate b(6).
-14
Suppose 9 = -a + 3*x, -2*a + 0 = 4*x - 32. Let t = 10 - a. Let b(h) = -h - 3. Calculate b(t).
-7
Let s = 65 + -60. Let u(y) = -y**2 + 6*y + 1. What is u(s)?
6
Suppose k - 4*k - 12 = 0. Let j(w) = 14*w**2 + 1 - 11*w**2 - w - w**3 - 7*w**2. Give j(k).
5
Let r(k) = -8*k**2 - 2*k - 1. Suppose 26 - 27 = w. Give r(w).
-7
Let n(j) be the first derivative of -j**2 + 4*j + 46. Let r = 10 - 5. Give n(r).
-6
Let n(b) = b**2 - 5*b - 7. Suppose 29 = 2*w - 3*q - 25, -4*w - 4*q = -68. Let o = -16 + w. Give n(o).
-7
Suppose t = -5*c + 6*t - 20, 2*c = -5*t - 22. Let l(v) = v**3 + 6*v**2 + 3*v - 5. Determine l(c).
-23
Let d(v) = 174 + 5*v**2 + 4*v - 4*v**2 - 180 + 2*v. Give d(-6).
-6
Suppose 0 = -5*v + 5*j + 35, -3*v - 15 = 2*v + 5*j. Let n(x) be the first derivative of -2 - 1/4*x**4 + x + 2*x**3 - 5/2*x**v. Give n(5).
1
Let o be -1 + (-11)/(-9) + 790/90. Let b(q) = q**3 - 10*q**2 + 8*q + 11. Calculate b(o).
2
Let o(d) = d + 1. Let t(b) = -b**3 - 13*b**2 + b + 7. Let g be t(-13). What is o(g)?
-5
Let l(q) = -5*q + 2. Let k(h) = 11*h - 3. Let z(c) = 2*k(c) + 5*l(c). Calculate z(5).
-11
Suppose 0 = i - 1, 0*i = -3*m + 2*i + 7. Suppose 0 = c + m - 5. Let o(x) = -8*x + 3. What is o(c)?
-13
Suppose 2 = -4*x + l, 2*l = 6*x - x + 4. Let b(a) be the second derivative of x - 5/6*a**3 + 1/2*a**2 - a. What is b(-1)?
6
Let r be (-12)/(-54) + (-86)/(-18). Let b(o) = -r*o + 0 + 0*o + 4 + 3*o. Suppose -4*q + 4 = 4*c, -5*q = -2*c - 2*c - 50. Calculate b(q).
-8
Let h(k) = k + 4. Suppose 0*b = 4*b - 4. Let z be -3*6/(-9) - 0. Suppose s - 10 - b = -2*o, z*o + 2*s - 16 = 0. Calculate h(o).
7
Let g(a) = 2*a**2 + 3*a - 3. Let r = -6 + 